alculate the highest common factor of n and 247.
19
Let l = 1251 + -603. Let b be (-405)/(-5) - 0/1. Calculate the greatest common factor of b and l.
81
Let c(u) = -u - 1. Let i(d) = -d**3 - d**2 + 10. Let a(v) = 4*c(v) + i(v). Let y be -4*1/2*2. Let k be a(y). Calculate the greatest common factor of k and 28.
14
Let j = 8 + -2. Let y(x) be the first derivative of 9*x**2 + 354*x - 134. Let p be y(-19). What is the greatest common factor of p and j?
6
Let r be (-185)/(-74) + 35/2. Suppose r = 5*k, k - 420 = -5*v + 459. Calculate the highest common factor of v and 105.
35
Let p be 147/392 + 16346/16. Calculate the greatest common divisor of 14 and p.
14
Let g be 1456/40 + (-4)/10. Let b(m) = -2 + 6*m - 13*m + 4*m + m**2 - 2*m**3. Let z be b(-2). Calculate the highest common factor of z and g.
12
Suppose -880 = 9*n - 14*n - 4*s, 2*n - 5*s = 385. Let h be 0*(-3)/9 + 346. Suppose -7*a + 494 = -h. Calculate the highest common divisor of a and n.
60
Let b be (8 + -9)*-16 - -64. Let j be 70/(-3)*1*-3. Let l = b + j. Calculate the highest common divisor of l and 15.
15
Suppose -6*s + 214 - 15 = -953. What is the highest common divisor of 12 and s?
12
Let w(r) = 4*r + 35. Let m(q) = 4*q + 20. Let n(x) = 4*m(x) - 3*w(x). Let c be 8*1 + (0 - 1). Let h be n(c). What is the greatest common divisor of h and 6?
3
Let s = 8995 - 8205. Calculate the greatest common factor of s and 160.
10
Let s(o) = 76*o - 5056. Let w be s(67). Calculate the greatest common divisor of w and 22878.
18
Let m(o) = 10*o**2 + o + 1. Let w = -37 + 35. Let g be (3 - (-7)/w)/((-2)/(-4)). Let x be m(g). What is the highest common divisor of x and 50?
10
Suppose -2*a + 4*q = -0*q - 36, -a = -3*q - 23. Suppose 1499*l = 1492*l + 512 - 204. Calculate the highest common factor of a and l.
4
Let r be (14/(-7))/(((-2)/698)/1). Suppose -9*v - r = -13*v + 3*w, 0 = -5*v + 3*w + 874. Calculate the greatest common divisor of 110 and v.
22
Let n be (-2 - 406)/(15/(-3) + 0 - -3). What is the highest common factor of 6834 and n?
102
Let j(h) = -2*h + 35. Let r be j(13). Suppose -r*t + 33 = -111. What is the greatest common factor of 4 and t?
4
Suppose 2*r + 4*r + 3888 = 42*r. What is the highest common factor of 837 and r?
27
Let x be 96725/2920 + 63/(-56). Let n(l) = -3*l**3 - 5*l**2 - 7*l + 2. Let h be n(-6). What is the greatest common factor of x and h?
32
Suppose 5*j - 5*v - 218 - 117 = 0, -3*v + 79 = j. Suppose -235*r = -234*r - 85. Suppose -11*n + 25 = -r. Calculate the highest common divisor of j and n.
10
Suppose -2*r + 45 = -7*r. Let y(x) = -5*x - 23. Let s be y(-5). Let p be -6 - (-205)/9 - s/r. What is the greatest common divisor of 119 and p?
17
Let u be 3/2 - 3487/(-22). Suppose 0 = -0*z - 2*z + u. Suppose -5*t = -16044 + 15994. Calculate the highest common factor of t and z.
10
Let m(q) = 23*q**3 - 10*q**2 + 18*q + 14. Let k be m(4). Calculate the greatest common factor of 12 and k.
6
Let j(n) = 32*n + 1. Let l be j(1). Let c(a) = 225*a - 1377. Let r be c(7). What is the greatest common divisor of r and l?
33
Suppose -5672 + 336 = -4*n. Suppose 730 = -8*v - n. Let m = -37 - v. Calculate the highest common divisor of m and 17.
17
Suppose 3*z - 39 = -5*w, w = -2*z + 807 - 802. Let q be 68/((-9)/15 - -1). Let p = q - 107. What is the greatest common divisor of p and w?
9
Let a be 2/(-3) + (-893)/(-3). Let f = -709939 - -709993. Calculate the highest common factor of f and a.
27
Suppose 0 = -2*b + 6*c + 6608, 0 = 3*c + 518 - 500. What is the highest common divisor of 530 and b?
106
Let t = 5 - 4. Let z be (0 - t)/((-2)/14). Let n = 268 - 177. Calculate the highest common factor of n and z.
7
Suppose -3*x - 32 = o, 2*x = 2*o + 7 + 17. Let i be (-126)/(o/14 + (-2)/7). What is the greatest common divisor of i and 12?
12
Let u = -399 - -529. What is the greatest common divisor of 182 and u?
26
Suppose 2*w - 2*m = 84, -53 - 81 = -3*w + 2*m. Calculate the greatest common factor of 11650 and w.
50
Let i be (0 - 16/(-10))/((-16)/(-80)). Suppose 14*q = 16*q - 88. Let w = q + -20. What is the greatest common factor of w and i?
8
Let m be (16 - 458)*((-78)/84 + 3/7). What is the highest common factor of 13 and m?
13
Suppose -3*y - 68*k + 64*k + 293 = 0, 3*y = 5*k + 302. What is the greatest common divisor of 441 and y?
9
Let x(w) = 4*w**2 - 2*w - 5. Let s be x(-4). Suppose -y = -s + 5. Let v be ((-11080)/240 - (4 - (-33)/(-9)))*-2. What is the greatest common divisor of y and v?
31
Let v be 2669 - (29/116 - 22/(-8)). What is the highest common divisor of v and 172?
86
Let f(h) = 3 - 3 + 4*h**2 + h - 3*h. Let o be f(2). Let v = -14121 + 14129. What is the greatest common divisor of o and v?
4
Suppose -4*l - 4*c = -2*l - 180, 5*l + 5*c - 445 = 0. Let p be 5/(-15) + (-285)/9. Let i be (p/(-24))/(1/6). Calculate the greatest common divisor of l and i.
8
Let d be 2579 - 18/42*7. Calculate the highest common divisor of d and 16.
16
Let b = -98 - -270. Suppose 10*l - b = -12. Calculate the highest common factor of l and 1296.
16
Suppose -23*k - 21960 = -389*k. What is the greatest common divisor of k and 420?
60
Suppose -5*s + 96 = 3*m, 29 = 2*s - m - 5. What is the highest common divisor of s and 783?
9
Let x(f) = 56*f - 648. Let l be x(12). Calculate the highest common divisor of 3768 and l.
24
Let c be (6/(-18))/(1/(-1011)). Let y = c + -320. Calculate the greatest common factor of y and 901.
17
Let r = 9671 + -9591. Suppose 23 = -4*k + 143. Calculate the greatest common factor of r and k.
10
Let m be -2 + 4 + -1 + (-8)/2. Let y = 3 + m. Suppose -f - 5*n + 26 = y, 0 = -0*f - f + 3*n + 34. Calculate the greatest common divisor of 155 and f.
31
Let r be 6416/36 - 32/144. Let b be 2/35*10 + r/7. What is the highest common divisor of 208 and b?
26
Let l be -1 + 249 - (7 - 108/9). Suppose -2*c - l - 739 = -5*g, 0 = 2*c - 8. Calculate the highest common divisor of g and 80.
40
Let q(d) be the first derivative of -7*d**2/2 - 37*d - 36. Let o be q(-6). Suppose 11 = 4*b - o. What is the highest common factor of b and 16?
4
Let r = 4956 - 4191. What is the greatest common divisor of 408 and r?
51
Let d be (-3)/(-3)*-2 - -158. Suppose 5*v - 2808 = -17*v - 95*v. Calculate the greatest common factor of d and v.
12
Suppose 281 = 6*r + 17. Let x(n) = n**3 - 6*n**2 - 5*n - 10. Suppose 0*i = 2*i - 14. Let z be x(i). Calculate the highest common divisor of z and r.
4
Let l = -224 + 439. Let f = l - 199. Suppose -3*i + 512 = 5*i. What is the greatest common factor of f and i?
16
Suppose 2*k + 3*c = 3*k + 21, 0 = -c. Let o be (-1)/k*-3 + 422/14. Let l be -3 - -1 - (0 - 77). Calculate the greatest common divisor of o and l.
15
Let i = 161 + -161. Suppose 3*y - 8*y - 5*k + 115 = 0, i = 5*y + 3*k - 121. Calculate the greatest common divisor of 169 and y.
13
Suppose -4*l - 3*p = -3286, -753 - 1719 = -3*l - p. Calculate the greatest common factor of l and 1534.
118
Let h(g) = -g**2 - 9*g - 20. Let r(v) = v**2 + 20*v + 41. Let q(u) = -5*h(u) - 2*r(u). Let k be q(-6). What is the greatest common factor of 6 and k?
6
Let n be (-122)/549 - 12476/(-9). Calculate the highest common divisor of n and 66.
66
Suppose 0 = -2*j + 3*g + 57, -3*g - 2*g - 5 = 0. Let f be (-4)/(-5) + -57*42/(-45). Suppose 13*s = 4*s + f. Calculate the highest common factor of j and s.
3
Let r = 4905 + -4577. What is the highest common divisor of 902 and r?
82
Let i = 627 - 245. Let l = 767 - i. What is the highest common divisor of 55 and l?
55
Let x be (1/(-3))/((-7)/8106). Suppose 23 = -11*n + x. Calculate the highest common divisor of 759 and n.
33
Suppose 5*t + 2*v - 3*v = 12, -4*v = 2*t - 18. Let r(o) = -2*o - 5*o + 23*o - 168 + 13*o. Let z be r(6). Calculate the highest common divisor of t and z.
3
Suppose -1809 = -76*t + 9*t. What is the highest common factor of t and 4509?
27
Suppose 0 = 2*y, 3*b + 11 = y - 1. Let i be (8/14)/(b/(-56)). Calculate the greatest common factor of i and 12.
4
Suppose 16059 = 3*h - 3*g, 3*h - 10225 - 5806 = -g. What is the highest common factor of h and 110?
22
Let v be 322/46*(3 + 11). Calculate the greatest common divisor of v and 8722.
98
Let t = -1324 + 1353. Calculate the greatest common divisor of 6467 and t.
29
Suppose 4*p + 2307 = 39. Let m = 587 + p. Calculate the highest common factor of m and 260.
20
Let z(n) =